{"id":25,"date":"2025-07-13T06:35:43","date_gmt":"2025-07-13T06:35:43","guid":{"rendered":"https:\/\/distopia.fr\/?page_id=25"},"modified":"2025-07-14T12:32:42","modified_gmt":"2025-07-14T12:32:42","slug":"a-propos-de-distopia","status":"publish","type":"page","link":"https:\/\/distopia.fr\/?page_id=25","title":{"rendered":"A propos de Distopia"},"content":{"rendered":"\n<div class=\"wp-block-group alignfull has-accent-background-color has-background has-global-padding is-layout-constrained wp-container-core-group-is-layout-669513ed wp-block-group-is-layout-constrained\" style=\"margin-top:0;margin-bottom:0;padding-top:var(--wp--preset--spacing--50);padding-right:var(--wp--preset--spacing--50);padding-bottom:var(--wp--preset--spacing--50);padding-left:var(--wp--preset--spacing--50)\">\n<div class=\"wp-block-columns alignwide is-layout-flex wp-container-core-columns-is-layout-1da03c2a wp-block-columns-is-layout-flex\">\n<div class=\"wp-block-column is-vertically-aligned-stretch is-layout-flow wp-block-column-is-layout-flow\" style=\"flex-basis:50%\">\n<div class=\"wp-block-group is-vertical is-content-justification-stretch is-layout-flex wp-container-core-group-is-layout-444d5ee8 wp-block-group-is-layout-flex\" style=\"min-height:100%\">\n<p class=\"has-heading-font-family has-x-large-font-size\" style=\"line-height:1.2\">La Gen\u00e8se d\u2019un livre<\/p>\n\n\n\n<p>Au d\u00e9part, rien ne me pr\u00e9destinait \u00e0 \u00e9crire un livre.<\/p>\n\n\n\n<p>Je ne suis pas un \u00e9crivain, ni m\u00eame un litt\u00e9raire, juste un lecteur assidu d\u2019\u0153uvres de science-fiction.<\/p>\n\n\n\n<p>Mais la vie, avec son lot de rebondissements, a fait que je me suis retrouv\u00e9 sur la touche professionnellement pendant quelques mois.<\/p>\n\n\n\n<p>Oh, ce ne sont pas les occupations qui me manquent. Entre la recherche d\u2019un nouveau challenge, l\u2019am\u00e9lioration de mon habitat, mes animaux et la cr\u00e9ation d\u2019objets improbables\u2026<\/p>\n\n\n\n<p>Pourtant, c\u2019est avec plaisir que j\u2019ai lib\u00e9r\u00e9 quelques heures journali\u00e8res pour un nouveau d\u00e9fi&nbsp;: \u00e9crire un livre.<\/p>\n\n\n\n<p>La cr\u00e9ation est souvent une activit\u00e9 solitaire, c\u2019est encore plus vrai pour l\u2019\u00e9criture. Je me suis donc plong\u00e9 dans un univers imaginaire, ne remontant \u00e0 la surface que pour reprendre mon souffle dans mon quotidien.<\/p>\n\n\n\n<p>En plus d\u2019\u00eatre solitaire, l\u2019\u00e9criture est une activit\u00e9 prenante. Il faut se projeter dans l\u2019histoire qu\u2019on \u00e9crit, raconter l\u2019instant pr\u00e9sent tout en gardant un \u0153il sur la destination \u00e0 atteindre.<\/p>\n\n\n\n<p>\u00ab&nbsp;Vingt fois sur le m\u00e9tier, remettez votre ouvrage.&nbsp;\u00bb Par cette phrase, Nicolas Boileau a bien r\u00e9sum\u00e9 la cr\u00e9ation d\u2019une \u0153uvre litt\u00e9raire. Il faut sans cesse relire, am\u00e9liorer, peaufiner et relire encore\u2026<\/p>\n\n\n\n<p>Le r\u00e9sultat de mon travail ne passera sans doute pas \u00e0 la post\u00e9rit\u00e9, mais si mes lecteurs \u00e9prouvent un peu de plaisir \u00e0 lire mon \u0153uvre, mon pari est gagn\u00e9&nbsp;!<\/p>\n\n\n\n<p>Une chose est s\u00fbre, de mon c\u00f4t\u00e9, j\u2019ai pris beaucoup de plaisir \u00e0 r\u00e9aliser ce livre.<\/p>\n\n\n\n<p class=\"has-heading-font-family has-large-font-size\" style=\"line-height:1.2\">R\u00e9gis<\/p>\n<\/div>\n<\/div>\n\n\n\n<div class=\"wp-block-column is-vertically-aligned-center is-layout-flow wp-block-column-is-layout-flow\" style=\"flex-basis:50%\">\n<figure class=\"wp-block-image size-large is-style-rounded is-style-rounded--1\"><img loading=\"lazy\" decoding=\"async\" width=\"1024\" height=\"724\" src=\"http:\/\/distopia.fr\/wp-content\/uploads\/2025\/07\/Planete-rouille-J72-W-1024x724.jpg\" alt=\"\" class=\"wp-image-46\" style=\"aspect-ratio:3\/4;object-fit:cover\" srcset=\"https:\/\/distopia.fr\/wp-content\/uploads\/2025\/07\/Planete-rouille-J72-W-1024x724.jpg 1024w, https:\/\/distopia.fr\/wp-content\/uploads\/2025\/07\/Planete-rouille-J72-W-300x212.jpg 300w, https:\/\/distopia.fr\/wp-content\/uploads\/2025\/07\/Planete-rouille-J72-W-768x543.jpg 768w, https:\/\/distopia.fr\/wp-content\/uploads\/2025\/07\/Planete-rouille-J72-W-1536x1086.jpg 1536w, https:\/\/distopia.fr\/wp-content\/uploads\/2025\/07\/Planete-rouille-J72-W-2048x1448.jpg 2048w\" sizes=\"auto, (max-width: 1024px) 100vw, 1024px\" \/><\/figure>\n<\/div>\n<\/div>\n<\/div>\n\n\n\n<div class=\"wp-block-group alignfull has-accent-5-background-color has-background has-global-padding is-layout-constrained wp-container-core-group-is-layout-d89aad35 wp-block-group-is-layout-constrained\" style=\"margin-top:0;margin-bottom:0;padding-top:var(--wp--preset--spacing--50);padding-right:var(--wp--preset--spacing--50);padding-bottom:var(--wp--preset--spacing--50);padding-left:var(--wp--preset--spacing--50)\">\n<div class=\"wp-block-columns alignwide are-vertically-aligned-center is-layout-flex wp-container-core-columns-is-layout-47c06fe3 wp-block-columns-is-layout-flex\">\n<div class=\"wp-block-column is-vertically-aligned-center is-layout-flow wp-block-column-is-layout-flow\" style=\"flex-basis:50%\">\n<h2 class=\"wp-block-heading has-large-font-size\">Un grand merci \u00e0 toute l\u2019\u00e9quipe qui m\u2019a permis de mener ce projet \u00e0 son terme.<\/h2>\n\n\n\n<div style=\"height:100px\" aria-hidden=\"true\" class=\"wp-block-spacer\"><\/div>\n\n\n\n<p><strong><u>Graphismes et Illustrations<\/u><\/strong><\/p>\n\n\n\n<p>Romain<\/p>\n\n\n\n<p><strong><u>Relectures et Corrections<\/u><\/strong><\/p>\n\n\n\n<p>Emilie<\/p>\n\n\n\n<p>Gab<\/p>\n\n\n\n<p><strong><u>Structuration et Mise en page<\/u><\/strong><\/p>\n\n\n\n<p>Isa<\/p>\n\n\n\n<p><strong><u>Site Web<\/u><\/strong><\/p>\n\n\n\n<p>Serge<\/p>\n\n\n\n<div class=\"wp-block-buttons is-layout-flex wp-block-buttons-is-layout-flex\"><\/div>\n<\/div>\n\n\n\n<div class=\"wp-block-column is-vertically-aligned-center is-layout-flow wp-block-column-is-layout-flow\" style=\"flex-basis:50%\">\n<figure class=\"wp-block-image size-full is-style-rounded is-style-rounded--2\"><img loading=\"lazy\" decoding=\"async\" width=\"480\" height=\"321\" src=\"https:\/\/distopia.fr\/wp-content\/uploads\/2025\/07\/lego.webp\" alt=\"\" class=\"wp-image-116\" style=\"aspect-ratio:4\/3;object-fit:cover\" srcset=\"https:\/\/distopia.fr\/wp-content\/uploads\/2025\/07\/lego.webp 480w, https:\/\/distopia.fr\/wp-content\/uploads\/2025\/07\/lego-300x201.webp 300w\" sizes=\"auto, (max-width: 480px) 100vw, 480px\" \/><\/figure>\n<\/div>\n<\/div>\n<\/div>\n\n\n<nav class=\"is-responsive alignwide wp-block-navigation is-layout-flex wp-block-navigation-is-layout-flex\" aria-label=\"Menu 3\" \n\t\t data-wp-interactive=\"core\/navigation\" data-wp-context='{\"overlayOpenedBy\":{\"click\":false,\"hover\":false,\"focus\":false},\"type\":\"overlay\",\"roleAttribute\":\"\",\"ariaLabel\":\"Menu\"}'><button aria-haspopup=\"dialog\" aria-label=\"Ouvrir le menu\" class=\"wp-block-navigation__responsive-container-open\" \n\t\t\t\tdata-wp-on--click=\"actions.openMenuOnClick\"\n\t\t\t\tdata-wp-on--keydown=\"actions.handleMenuKeydown\"\n\t\t\t><svg width=\"24\" height=\"24\" xmlns=\"http:\/\/www.w3.org\/2000\/svg\" viewBox=\"0 0 24 24\" aria-hidden=\"true\" focusable=\"false\"><path d=\"M4 7.5h16v1.5H4z\"><\/path><path d=\"M4 15h16v1.5H4z\"><\/path><\/svg><\/button>\n\t\t\t\t<div class=\"wp-block-navigation__responsive-container\"  id=\"modal-3\" \n\t\t\t\tdata-wp-class--has-modal-open=\"state.isMenuOpen\"\n\t\t\t\tdata-wp-class--is-menu-open=\"state.isMenuOpen\"\n\t\t\t\tdata-wp-watch=\"callbacks.initMenu\"\n\t\t\t\tdata-wp-on--keydown=\"actions.handleMenuKeydown\"\n\t\t\t\tdata-wp-on--focusout=\"actions.handleMenuFocusout\"\n\t\t\t\ttabindex=\"-1\"\n\t\t\t>\n\t\t\t\t\t<div class=\"wp-block-navigation__responsive-close\" tabindex=\"-1\">\n\t\t\t\t\t\t<div class=\"wp-block-navigation__responsive-dialog\" \n\t\t\t\tdata-wp-bind--aria-modal=\"state.ariaModal\"\n\t\t\t\tdata-wp-bind--aria-label=\"state.ariaLabel\"\n\t\t\t\tdata-wp-bind--role=\"state.roleAttribute\"\n\t\t\t>\n\t\t\t\t\t\t\t<button aria-label=\"Fermer le menu\" class=\"wp-block-navigation__responsive-container-close\" \n\t\t\t\tdata-wp-on--click=\"actions.closeMenuOnClick\"\n\t\t\t><svg xmlns=\"http:\/\/www.w3.org\/2000\/svg\" viewBox=\"0 0 24 24\" width=\"24\" height=\"24\" aria-hidden=\"true\" focusable=\"false\"><path d=\"m13.06 12 6.47-6.47-1.06-1.06L12 10.94 5.53 4.47 4.47 5.53 10.94 12l-6.47 6.47 1.06 1.06L12 13.06l6.47 6.47 1.06-1.06L13.06 12Z\"><\/path><\/svg><\/button>\n\t\t\t\t\t\t\t<div class=\"wp-block-navigation__responsive-container-content\" \n\t\t\t\tdata-wp-watch=\"callbacks.focusFirstElement\"\n\t\t\t id=\"modal-3-content\">\n\t\t\t\t\t\t\t\t<ul class=\"wp-block-navigation__container is-responsive alignwide wp-block-navigation\"><li class=\" wp-block-navigation-item wp-block-navigation-link\"><a class=\"wp-block-navigation-item__content\"  href=\"https:\/\/distopia.fr\/\"><span class=\"wp-block-navigation-item__label\">Distopia<\/span><\/a><\/li><li class=\" wp-block-navigation-item wp-block-navigation-link\"><a class=\"wp-block-navigation-item__content\"  href=\"https:\/\/distopia.fr\/?page_id=83\"><span class=\"wp-block-navigation-item__label\">Le Chant de l\u2019Automne<\/span><\/a><\/li><li class=\" wp-block-navigation-item wp-block-navigation-link\"><a class=\"wp-block-navigation-item__content\"  href=\"https:\/\/distopia.fr\/?page_id=81\"><span class=\"wp-block-navigation-item__label\">Bienvenue \u00e0 Encelade<\/span><\/a><\/li><li class=\" wp-block-navigation-item wp-block-navigation-link\"><a class=\"wp-block-navigation-item__content\"  href=\"https:\/\/distopia.fr\/?page_id=87\"><span class=\"wp-block-navigation-item__label\">Projet Pegasus<\/span><\/a><\/li><li class=\" wp-block-navigation-item wp-block-navigation-link\"><a class=\"wp-block-navigation-item__content\"  href=\"https:\/\/distopia.fr\/?page_id=85\"><span class=\"wp-block-navigation-item__label\">Dernier Jour<\/span><\/a><\/li><li class=\" wp-block-navigation-item wp-block-navigation-link\"><a class=\"wp-block-navigation-item__content\"  href=\"https:\/\/distopia.fr\/?page_id=34\"><span class=\"wp-block-navigation-item__label\">L\u2019\u00e9toile de New Cellarius<\/span><\/a><\/li><li class=\" wp-block-navigation-item wp-block-navigation-link\"><a class=\"wp-block-navigation-item__content\"  href=\"https:\/\/distopia.fr\/?page_id=32\"><span class=\"wp-block-navigation-item__label\">Les Fils d\u2019Azur<\/span><\/a><\/li><li class=\" wp-block-navigation-item wp-block-navigation-link\"><a class=\"wp-block-navigation-item__content\"  href=\"https:\/\/distopia.fr\/?page_id=25\"><span class=\"wp-block-navigation-item__label\">A propos&#8230;<\/span><\/a><\/li><li class=\" wp-block-navigation-item wp-block-navigation-link\"><a class=\"wp-block-navigation-item__content\"  href=\"https:\/\/distopia.fr\/?page_id=30\"><span class=\"wp-block-navigation-item__label\">Les Livres<\/span><\/a><\/li><li class=\" wp-block-navigation-item wp-block-navigation-link\"><a class=\"wp-block-navigation-item__content\"  href=\"https:\/\/distopia.fr\/?page_id=292\"><span class=\"wp-block-navigation-item__label\">Galerie<\/span><\/a><\/li><\/ul>\n\t\t\t\t\t\t\t<\/div>\n\t\t\t\t\t\t<\/div>\n\t\t\t\t\t<\/div>\n\t\t\t\t<\/div><\/nav>","protected":false},"excerpt":{"rendered":"<p>La Gen\u00e8se d\u2019un livre Au d\u00e9part, rien ne me pr\u00e9destinait \u00e0 \u00e9crire un livre. Je ne suis pas un \u00e9crivain, ni m\u00eame un litt\u00e9raire, juste un lecteur assidu d\u2019\u0153uvres de science-fiction. Mais la vie, avec son lot de rebondissements, a fait que je me suis retrouv\u00e9 sur la touche professionnellement pendant quelques mois. Oh, ce [&hellip;]<\/p>\n","protected":false},"author":1,"featured_media":0,"parent":0,"menu_order":0,"comment_status":"closed","ping_status":"closed","template":"","meta":{"footnotes":""},"class_list":["post-25","page","type-page","status-publish","hentry"],"_links":{"self":[{"href":"https:\/\/distopia.fr\/index.php?rest_route=\/wp\/v2\/pages\/25","targetHints":{"allow":["GET"]}}],"collection":[{"href":"https:\/\/distopia.fr\/index.php?rest_route=\/wp\/v2\/pages"}],"about":[{"href":"https:\/\/distopia.fr\/index.php?rest_route=\/wp\/v2\/types\/page"}],"author":[{"embeddable":true,"href":"https:\/\/distopia.fr\/index.php?rest_route=\/wp\/v2\/users\/1"}],"replies":[{"embeddable":true,"href":"https:\/\/distopia.fr\/index.php?rest_route=%2Fwp%2Fv2%2Fcomments&post=25"}],"version-history":[{"count":12,"href":"https:\/\/distopia.fr\/index.php?rest_route=\/wp\/v2\/pages\/25\/revisions"}],"predecessor-version":[{"id":220,"href":"https:\/\/distopia.fr\/index.php?rest_route=\/wp\/v2\/pages\/25\/revisions\/220"}],"wp:attachment":[{"href":"https:\/\/distopia.fr\/index.php?rest_route=%2Fwp%2Fv2%2Fmedia&parent=25"}],"curies":[{"name":"wp","href":"https:\/\/api.w.org\/{rel}","templated":true}]}}